hat is the tens digit of u?
9
Suppose -634 = -4*p + 5*f, -4*p - 5*f = -290 - 324. Let q = p - 142. What is the tens digit of q?
1
Let x(o) = 8*o + 7. Let a be (3/(-2))/(3/4). Let y be x(a). What is the tens digit of (y/(-18))/((-2)/(-212))?
5
What is the units digit of (-35000280)/(-1302) - ((-10)/(-31))/(-5)?
2
Suppose 140*g - 22224 = 238176. What is the thousands digit of g?
1
Suppose 4*j + 19740 = 5*d, -4*d = -12*j + 17*j - 15751. What is the thousands digit of d?
3
Let l be (-2)/(-24)*2 + (-2685)/18. Let c = l + 245. Let b = 195 - c. What is the tens digit of b?
9
Suppose -15 + 199 = -2*q. Let l = 90 + q. Let v(c) = 12*c**2 - 3. What is the tens digit of v(l)?
4
Suppose -3*q = -54*o + 52*o + 15497, 0 = -5*o + q + 38723. What is the thousands digit of o?
7
Let d be (-1407)/(-9)*(-3 + -3). Let b = -385 - d. What is the hundreds digit of b?
5
Suppose -3*r + 2*m + 3*m + 19 = 0, 3*m = 3*r - 9. Let g be ((-5)/(-3))/(r/(-6)). Suppose 4*y - 2*y - 3*k = 52, g*y = -k + 130. What is the tens digit of y?
2
Let g = 346 - 47. Let k = 307 - g. What is the units digit of k?
8
Let o(b) = b**3 + 7*b**2 + 12*b + 8. Suppose -2*p - 4*c - 4 = 0, 6*c - 5*c = -3*p - 11. Let j be o(p). What is the tens digit of (-25)/(-1) - 1*j/(-2)?
2
Let p(w) = 20*w - 668. Let v be p(35). Let x(q) = 6*q**2 - 6*q - 8. Let c be x(-7). Suppose 0 = 36*o - v*o - c. What is the tens digit of o?
8
Let q be -7*1*(12 + (-935)/77). What is the hundreds digit of 159 - (q + -1)/((-4)/4)?
1
Suppose 5*i = -2*t + 142434, 54*t = 4*i + 56*t - 113944. What is the thousands digit of i?
8
Suppose -15*p + 5208 + 9057 = 0. Suppose -5*t + p = -394. What is the units digit of t?
9
Let b(d) = d**3 + d**2 - d + 2. Let z be b(0). Suppose 5*h - z*h - 11 = i, 0 = -3*h - 3*i + 15. Suppose -h*k + 2*k = -160. What is the units digit of k?
0
Let s(n) = -55*n + 78. Let j(o) = -49*o + 79. Let h(w) = 7*j(w) - 6*s(w). What is the hundreds digit of h(-44)?
6
Let a = 151 + 80. Let t(i) = -11*i**3 + i**2 + 4*i - 7. Let y be t(2). Let r = a + y. What is the units digit of r?
8
Let u = -442 + 444. Suppose 11*d + 3 = 14*d, -5*d - 2233 = -u*n. What is the hundreds digit of n?
1
Let z(l) be the first derivative of l**4/4 - 7*l**3/3 + 15*l**2/2 - 27*l - 30. What is the units digit of z(7)?
8
Suppose -3*a = 3*q - 4500, 4*a + 1139 = -2*q + 4135. Suppose 0 = -3*b + 2*j + q, -4*b + 0*j = -5*j - 2005. What is the units digit of b?
0
Let u(p) = 56*p**2 + 53*p + 1. What is the thousands digit of u(20)?
3
Let r(l) = -16*l - 113. Let p be r(-7). What is the hundreds digit of 1 - -1 - (2 + p + -722)?
7
Suppose -5*v - 2*a = 19, 3 = -2*v - a - 4. Let h be 6*(-16)/60*v/2. Suppose 0 = h*b - 10*b + 252. What is the units digit of b?
2
Suppose 0 = 2*m + 2*w - 14246, 2*m + 5*w - 5965 = 8263. What is the tens digit of m?
2
What is the hundreds digit of (89 + -47 + -29)/(2*2/13448)?
7
Let q(u) = u**3 + 13*u**2 + 8*u + 7. Let y be 9*-2*((-14)/(-4) + -3). Let a be -1 + y - (-1 + 2)/1. What is the units digit of q(a)?
1
Suppose 2*l + 18623 = 6*l + 5*x, -2*l + 9309 = 3*x. Let v be l/24 - (-2)/(-8). Let h = v - 104. What is the tens digit of h?
9
Let a = -123 + 1121. Let h = a - 542. What is the hundreds digit of h?
4
Suppose b = -3*d - 2*b, 40 = 3*d - 5*b. Suppose 4*z + 702 = 6*v - d*v, -2*z = 8. What is the hundreds digit of v?
6
What is the tens digit of (9/(-81) - 61/18)*-798?
9
Suppose 267498 = 103*b - 26*b. What is the units digit of b?
4
Suppose 115984 + 226622 = 33*y. What is the hundreds digit of y?
3
Suppose 26*x + 3174 = -15*x + 172504. What is the tens digit of x?
3
Let k = 10 + -2. Let x be 1/((-2)/k*-2). Let g(u) = 18*u**3 - 2*u**2 - u. What is the hundreds digit of g(x)?
1
Let q(l) = -l**3 - 15*l**2 - 5*l - 12. Let u = -3 - -3. Let r be -15 + u + (3 - 4) + 1. What is the tens digit of q(r)?
6
Let v = 7518 - 2146. What is the tens digit of v?
7
Suppose y - 2*z - 1249 = 2, 3753 = 3*y + 2*z. Let j = y + -695. What is the tens digit of j?
5
Suppose -160*p + 2050206 + 716675 = 191681. What is the units digit of p?
5
Let m(c) = -c**3 - 8*c**2 - 6*c + 9. Let f = -3 + -5. Let u be m(f). Suppose 3*b = -18 + u. What is the tens digit of b?
1
Let l be 2/(-12) + 4520/48 + 6. Suppose 114*m = l*m + 6790. What is the hundreds digit of m?
4
Suppose 7*j = 9*j - 3*p - 147547, 4*p + 73761 = j. What is the ten thousands digit of j?
7
Suppose -127801 = -4*v + 5*k, 2*k - 159776 = 40*v - 45*v. What is the thousands digit of v?
1
Suppose 3*z = -5*d + 500, 2*d - 4*z - 169 - 57 = 0. Suppose s - 3*b = -17 + d, -b - 242 = -3*s. What is the units digit of s?
0
Suppose -11*x + 758 = -1387. Let b = x - 58. What is the hundreds digit of b?
1
Let t = -117 - -225. Suppose -t = -5*j - 4*w - 0*w, 63 = 2*j - 5*w. What is the tens digit of j?
2
Let s = -36429 - -85705. What is the hundreds digit of s?
2
Let y be ((-8)/(-6))/((-16)/(-1464)). Let d = y - 207. Let a = d - -107. What is the tens digit of a?
2
Suppose -3*m + 4*o = 16, -7*o + 2*o + 20 = 5*m. Suppose 4*n + 3*b - 2239 = m, 0 = 2*n - 3*n - b + 560. What is the hundreds digit of n?
5
Let d(p) = 288*p**2 + 366*p + 26. What is the ten thousands digit of d(7)?
1
Let w = 172 - 85. Let a = w - 57. What is the tens digit of a?
3
Let d = 719 + -335. Suppose 0 = 4*s - 2*w + 6*w - d, -448 = -5*s + 3*w. What is the tens digit of s?
9
Suppose -82*u + 793158 + 196691 = 169603. What is the thousands digit of u?
0
Let q(s) = 59*s**2 - 26*s + 48. What is the tens digit of q(-9)?
6
Let g(t) = -15*t**3 + t**2 - 13*t + 4. Let r(a) = -31*a**3 + 2*a**2 - 27*a + 8. Let n(l) = -9*g(l) + 4*r(l). What is the units digit of n(2)?
8
Suppose 0 = -9*y - 183 + 219. Suppose 3*j = -j + 756. Suppose -t = -y*d + j, 4*d + t = 99 + 80. What is the units digit of d?
6
Let m = 107092 + -59499. What is the thousands digit of m?
7
Suppose 5*h + s = -174, -2*s + 95 + 12 = -3*h. Let i = -39 - h. What is the units digit of (-10)/i*(-220)/(-25)?
2
Let o = 1086 + -524. Suppose 5*r - 4*m - 2575 = 208, 0 = r + m - o. What is the tens digit of r?
5
Let r = 221 - 208. What is the tens digit of 10779/r + 3*2/(-39)?
2
Suppose 5*f + 298 = 2*w + 15, 5*w - 4*f = 716. Suppose 2*v = 574 - w. What is the tens digit of v?
1
Let i be (3/2)/(1/8*4). Suppose 2*g - 25 = -i*q, 4*q + 3*g = q + 27. Suppose -3*d - q*f + 463 = -5*f, 3*d + 5*f = 451. What is the hundreds digit of d?
1
Let i = 35 - 33. Suppose k = i*k. Suppose k = -5*x - 401 + 971. What is the tens digit of x?
1
Suppose 0 = -9*u + 6*u. Suppose k - 5*k + 2*p - 30 = u, -2*p - 10 = 0. What is the units digit of 15/k - 363/(-6)?
9
Let s(n) = 338*n**3 - 8*n**2 + 28*n - 62. What is the units digit of s(4)?
4
Let s be (-2)/(-4)*(474 - (-2 + -2)). Let g = s - -133. What is the units digit of g?
2
Let m(o) = 10*o**2 + 39*o - 189. What is the units digit of m(4)?
7
Let u(w) = -24*w. Let b be u(-1). Let q(l) = b*l - 2 + 6 + 4. What is the tens digit of q(3)?
8
Let i = 183 - 168. Suppose -i*n + n = -3528. What is the hundreds digit of n?
2
Suppose -3*g = -n - 35, 5*g + 5*n = 4*g + 1. Let i be ((-4)/(-6))/((-20)/(-30)). Suppose g = 4*o - i. What is the units digit of o?
3
Let b(v) = -9845*v + 4969. What is the thousands digit of b(-3)?
4
Let q be (-1)/2*(-5 + (-1 - -6)). Let y be -5 + 5 - (-2 + 0). Suppose -3*r = c - 82, q = 5*r - 4*c + y*c - 155. What is the tens digit of r?
2
Suppose 0 = -73*k + 50*k + 184. What is the units digit of (15210/120)/(6/k)?
9
Suppose -f + 6 = 15. Let d(y) = -20*y + 3*y - 354 + 176 + 169 - 2*y. What is the units digit of d(f)?
2
Let t = -9104 + 13143. What is the tens digit of t?
3
Suppose 3*a = 12, 0 = 3*r - 4*a - 0*a + 22. Let c(b) = -295*b - 1. What is the units digit of c(r)?
9
Suppose -79*f + 123 = -82*f. Let a = -42 - f. What is the units digit of a - -3 - (-7)/7?
3
Let a = -138 + 136. What is the tens digit of (-3 - a) + 1 - -424?
2
Let b(o) = 0 - 7 - 4 - 11*o + 10. What is the units digit of b(-2)?
1
What is the thousands digit of 4/50 + 3/(3075/47066893)?
5
Let f(i) = -4*i**2 - 10*i + 6. Let o be f(6). Let p = o - -340. What is the hundreds digit of p?
1
Let h be 3/(6 - 3)*(-238)/2. Let l = h + 41. Let m = 37 - l. What is the units digit of m?
5
Let p be (-15)/(-6)*48/30. Let u(i) = -i**3 + 2*i**2 + 10*i - 5. Let f be u(p). Suppose -5*k = -f*c + 160, -119 + 10 = -2*c + k. What is th